{"id":857,"date":"2024-11-19T21:25:47","date_gmt":"2024-11-19T20:25:47","guid":{"rendered":"https:\/\/www.chtiraspycard.fr\/?post_type=product&#038;p=857"},"modified":"2026-03-04T14:14:24","modified_gmt":"2026-03-04T13:14:24","slug":"nouveau-cible-decoupe","status":"publish","type":"product","link":"https:\/\/www.chtiraspycard.fr\/?product=nouveau-cible-decoupe","title":{"rendered":"Nouveau cible d\u00e9coup\u00e9e livraison incluse"},"content":{"rendered":"<h2 data-start=\"137\" data-end=\"174\">\ud83c\udfaf Cible d\u00e9j\u00e0 d\u00e9coup\u00e9e et \u00e9bavur\u00e9e livraison incluse .<\/h2>\n<p data-start=\"176\" data-end=\"314\">Je vous propose votre <strong data-start=\"198\" data-end=\"241\">cible d\u00e9j\u00e0 d\u00e9coup\u00e9e et polie (\u00e9bavur\u00e9e)<\/strong>, pr\u00eate \u00e0 \u00eatre int\u00e9gr\u00e9e dans votre borne ou votre projet de restauration.<\/p>\n<h3 data-start=\"316\" data-end=\"355\">\ud83d\udccf Diam\u00e8tres disponibles \u00e0 la coupe<\/h3>\n<p data-start=\"357\" data-end=\"387\">4 diam\u00e8tres sont disponibles :<\/p>\n<ul data-start=\"389\" data-end=\"454\">\n<li data-start=\"389\" data-end=\"405\">\n<p data-start=\"391\" data-end=\"405\">\u00d8 <strong data-start=\"393\" data-end=\"403\">406 mm<\/strong><\/p>\n<\/li>\n<li data-start=\"406\" data-end=\"422\">\n<p data-start=\"408\" data-end=\"422\">\u00d8 <strong data-start=\"410\" data-end=\"420\">404 mm<\/strong><\/p>\n<\/li>\n<li data-start=\"423\" data-end=\"439\">\n<p data-start=\"425\" data-end=\"439\">\u00d8 <strong data-start=\"427\" data-end=\"437\">402 mm<\/strong><\/p>\n<\/li>\n<li data-start=\"440\" data-end=\"454\">\n<p data-start=\"442\" data-end=\"454\">\u00d8 <strong data-start=\"444\" data-end=\"454\">400 mm<\/strong><\/p>\n<\/li>\n<\/ul>\n<p data-start=\"456\" data-end=\"490\">\u2705 <strong data-start=\"458\" data-end=\"490\">Tol\u00e9rance de coupe : \u00b1 0,5 %<\/strong><\/p>\n<p data-start=\"492\" data-end=\"648\">Chaque cible est soigneusement d\u00e9coup\u00e9e puis <strong data-start=\"537\" data-end=\"549\">\u00e9bavur\u00e9e<\/strong>, afin de supprimer les arr\u00eates vives et offrir un <strong data-start=\"600\" data-end=\"628\">rendu propre et s\u00e9curis\u00e9<\/strong>, pr\u00eat \u00e0 \u00eatre mont\u00e9.<\/p>\n<hr data-start=\"650\" data-end=\"653\" \/>\n<h3 data-start=\"655\" data-end=\"679\">\u2709\ufe0f Choix du diam\u00e8tre<\/h3>\n<p data-start=\"681\" data-end=\"789\">Merci de me <strong data-start=\"693\" data-end=\"715\">contacter par mail<\/strong> pour pr\u00e9ciser le <strong data-start=\"733\" data-end=\"754\">diam\u00e8tre souhait\u00e9<\/strong> avant validation de la commande.<\/p>\n<p data-start=\"791\" data-end=\"865\"><em data-start=\"791\" data-end=\"865\">(Adresse mail et formulaire de contact disponibles sur la page Contact.)<\/em><\/p>\n<p><img loading=\"lazy\" decoding=\"async\" class=\"wp-image-179 aligncenter\" src=\"https:\/\/www.chtiraspycard.fr\/wp-content\/uploads\/2024\/04\/417431028_1881444968954507_2879857395618697060_n.jpg\" alt=\"\" width=\"528\" height=\"704\" srcset=\"https:\/\/www.chtiraspycard.fr\/wp-content\/uploads\/2024\/04\/417431028_1881444968954507_2879857395618697060_n.jpg 1170w, https:\/\/www.chtiraspycard.fr\/wp-content\/uploads\/2024\/04\/417431028_1881444968954507_2879857395618697060_n-225x300.jpg 225w, https:\/\/www.chtiraspycard.fr\/wp-content\/uploads\/2024\/04\/417431028_1881444968954507_2879857395618697060_n-768x1024.jpg 768w, https:\/\/www.chtiraspycard.fr\/wp-content\/uploads\/2024\/04\/417431028_1881444968954507_2879857395618697060_n-1152x1536.jpg 1152w, https:\/\/www.chtiraspycard.fr\/wp-content\/uploads\/2024\/04\/417431028_1881444968954507_2879857395618697060_n-600x800.jpg 600w\" sizes=\"auto, (max-width: 528px) 100vw, 528px\" \/><\/p>\n<p>&nbsp;<\/p>\n","protected":false},"excerpt":{"rendered":"<p><img loading=\"lazy\" decoding=\"async\" class=\"size-full wp-image-1051 alignleft\" src=\"https:\/\/www.chtiraspycard.fr\/wp-content\/uploads\/2024\/11\/coupe-0.45.jpg\" alt=\"\" width=\"456\" height=\"342\" srcset=\"https:\/\/www.chtiraspycard.fr\/wp-content\/uploads\/2024\/11\/coupe-0.45.jpg 456w, https:\/\/www.chtiraspycard.fr\/wp-content\/uploads\/2024\/11\/coupe-0.45-300x225.jpg 300w\" sizes=\"auto, (max-width: 456px) 100vw, 456px\" \/><\/p>\n[video width=\"720\" height=\"1280\" mp4=\"https:\/\/www.chtiraspycard.fr\/wp-content\/uploads\/2024\/04\/0e2ea1c6-d441-4f39-a3dd-be635f511ae7-1_MVCPE5Or.mp4\"][\/video]\n","protected":false},"featured_media":179,"comment_status":"open","ping_status":"closed","template":"","meta":[],"product_cat":[22],"product_tag":[],"class_list":{"0":"post-857","1":"product","2":"type-product","3":"status-publish","4":"has-post-thumbnail","6":"product_cat-cible","8":"first","9":"instock","10":"shipping-taxable","11":"purchasable","12":"product-type-simple"},"_links":{"self":[{"href":"https:\/\/www.chtiraspycard.fr\/index.php?rest_route=\/wp\/v2\/product\/857","targetHints":{"allow":["GET"]}}],"collection":[{"href":"https:\/\/www.chtiraspycard.fr\/index.php?rest_route=\/wp\/v2\/product"}],"about":[{"href":"https:\/\/www.chtiraspycard.fr\/index.php?rest_route=\/wp\/v2\/types\/product"}],"replies":[{"embeddable":true,"href":"https:\/\/www.chtiraspycard.fr\/index.php?rest_route=%2Fwp%2Fv2%2Fcomments&post=857"}],"wp:featuredmedia":[{"embeddable":true,"href":"https:\/\/www.chtiraspycard.fr\/index.php?rest_route=\/wp\/v2\/media\/179"}],"wp:attachment":[{"href":"https:\/\/www.chtiraspycard.fr\/index.php?rest_route=%2Fwp%2Fv2%2Fmedia&parent=857"}],"wp:term":[{"taxonomy":"product_cat","embeddable":true,"href":"https:\/\/www.chtiraspycard.fr\/index.php?rest_route=%2Fwp%2Fv2%2Fproduct_cat&post=857"},{"taxonomy":"product_tag","embeddable":true,"href":"https:\/\/www.chtiraspycard.fr\/index.php?rest_route=%2Fwp%2Fv2%2Fproduct_tag&post=857"}],"curies":[{"name":"wp","href":"https:\/\/api.w.org\/{rel}","templated":true}]}}