{"id":66,"date":"2024-04-11T18:23:27","date_gmt":"2024-04-11T16:23:27","guid":{"rendered":"http:\/\/www.raspy.chtiraspycard.fr\/?post_type=product&#038;p=66"},"modified":"2025-08-26T09:30:34","modified_gmt":"2025-08-26T07:30:34","slug":"chtyraspycard-v3","status":"publish","type":"product","link":"https:\/\/www.chtiraspycard.fr\/?product=chtyraspycard-v3","title":{"rendered":"Chtiraspycard V3"},"content":{"rendered":"<h1>\ud83c\udfaf La Ch\u2019tidarts \u2013 Redonnez vie aux jeux de caf\u00e9<\/h1>\n<h2>\ud83c\udf0d Une passion, une philosophie<\/h2>\n<p>J\u2019ai cr\u00e9\u00e9 cette carte car ma passion est de donner une seconde vie aux objets et notamment aux anciens jeux de fl\u00e9chettes de caf\u00e9. Ne sommes-nous pas \u00e0 l\u2019\u00e8re du \u201cconsommer mieux\u201d et du recyclage ?<\/p>\n<p>Ces jeux ont marqu\u00e9 des g\u00e9n\u00e9rations : des moments de convivialit\u00e9, de camaraderie, et de franches parties de rigolade. Alors ne les laissons pas dormir dans les greniers : r\u00e9habilitons-les, ils le m\u00e9ritent.<\/p>\n<h2>\ud83d\udee0\ufe0f Les pannes les plus courantes<\/h2>\n<ul>\n<li>Les CPUs et surtout la pile qui coule sur les composants<\/li>\n<li>Plus rarement la matrice, con\u00e7ue pour durer longtemps, mais pas \u00e9ternellement<\/li>\n<\/ul>\n<p>\ud83d\udc49 La solution : remplacer par une cible D\u00e9cathlon coupl\u00e9e \u00e0 la Ch\u2019tiraspycard et son DMD afficheur de scores.<\/p>\n<h2>\ud83c\udfaf C\u00f4t\u00e9 matrices<\/h2>\n<p>La Ch\u2019tidarts g\u00e8re de nombreuses matrices :<\/p>\n<ul>\n<li>Scorpion<\/li>\n<li>Diamant<\/li>\n<li>Arnchid<\/li>\n<li>Spectrum<\/li>\n<li>\u2026et bien d\u2019autres !<\/li>\n<\/ul>\n<p>Elle prend aussi en charge les cibles r\u00e9centes (Grandboard, Vdarts, etc.) qui, un jour elles aussi, tomberont en panne.<\/p>\n<p>Sans oublier notre best-seller l\u2019ED100 (n\u00e9cessite la Chticard sans r\u00e9sistance module 12\u00d78).<\/p>\n<h2>\u26a1 C\u00f4t\u00e9 technique<\/h2>\n<ol>\n<li>Entr\u00e9es :<\/li>\n<\/ol>\n<ul>\n<li>&#8211; 9 boutons pour le panel (rarement pr\u00e9sents sur les anciens mod\u00e8les)<\/li>\n<li>&#8211; Alimentation en 5 V pour la carte + Raspberry<\/li>\n<\/ul>\n<ol start=\"2\">\n<li>Sorties :<\/li>\n<\/ol>\n<ul>\n<li>&#8211; 1 sortie 5 V prot\u00e9g\u00e9e pour Raspberry ou autre \u00e9l\u00e9ment basse tension<\/li>\n<li>&#8211; 6 sorties LEDs via MOSFET 10 A (id\u00e9ales pour ampoules \u00e0 filament)<\/li>\n<li>&#8211; Tension de 5 \u00e0 12 V<\/li>\n<li>&#8211; 1 sortie B7 pour relai de puissance<\/li>\n<li>&#8211; 2 GPIO suppl\u00e9mentaires (G12, G21)<\/li>\n<\/ul>\n<p>\ud83d\udc49 Voil\u00e0 les grandes lignes d\u2019une carte pens\u00e9e pour pr\u00e9server, recycler et moderniser vos jeux de caf\u00e9.<\/p>\n<p><img loading=\"lazy\" decoding=\"async\" class=\"alignnone wp-image-67 size-medium\" src=\"https:\/\/www.chtiraspycard.fr\/wp-content\/uploads\/2024\/04\/V3-Photoroom.png-Photoroom-e1716706993198-300x140.png\" alt=\"\" width=\"300\" height=\"140\" srcset=\"https:\/\/www.chtiraspycard.fr\/wp-content\/uploads\/2024\/04\/V3-Photoroom.png-Photoroom-e1716706993198-300x140.png 300w, https:\/\/www.chtiraspycard.fr\/wp-content\/uploads\/2024\/04\/V3-Photoroom.png-Photoroom-e1716706993198-1024x477.png 1024w, https:\/\/www.chtiraspycard.fr\/wp-content\/uploads\/2024\/04\/V3-Photoroom.png-Photoroom-e1716706993198-768x358.png 768w, https:\/\/www.chtiraspycard.fr\/wp-content\/uploads\/2024\/04\/V3-Photoroom.png-Photoroom-e1716706993198-600x280.png 600w, https:\/\/www.chtiraspycard.fr\/wp-content\/uploads\/2024\/04\/V3-Photoroom.png-Photoroom-e1716706993198.png 1133w\" sizes=\"auto, (max-width: 300px) 100vw, 300px\" \/>la Version V3 tention 5 volts<\/p>\n","protected":false},"excerpt":{"rendered":"<p>cette version est id\u00e9al pour les Anciens darts style Scorpion,Diamant,et bien beaucoup d&#8217;autre model .<\/p>\n","protected":false},"featured_media":67,"comment_status":"open","ping_status":"closed","template":"","meta":[],"product_cat":[15],"product_tag":[],"class_list":{"0":"post-66","1":"product","2":"type-product","3":"status-publish","4":"has-post-thumbnail","6":"product_cat-non-classe","8":"first","9":"instock","10":"shipping-taxable","11":"purchasable","12":"product-type-simple"},"_links":{"self":[{"href":"https:\/\/www.chtiraspycard.fr\/index.php?rest_route=\/wp\/v2\/product\/66","targetHints":{"allow":["GET"]}}],"collection":[{"href":"https:\/\/www.chtiraspycard.fr\/index.php?rest_route=\/wp\/v2\/product"}],"about":[{"href":"https:\/\/www.chtiraspycard.fr\/index.php?rest_route=\/wp\/v2\/types\/product"}],"replies":[{"embeddable":true,"href":"https:\/\/www.chtiraspycard.fr\/index.php?rest_route=%2Fwp%2Fv2%2Fcomments&post=66"}],"wp:featuredmedia":[{"embeddable":true,"href":"https:\/\/www.chtiraspycard.fr\/index.php?rest_route=\/wp\/v2\/media\/67"}],"wp:attachment":[{"href":"https:\/\/www.chtiraspycard.fr\/index.php?rest_route=%2Fwp%2Fv2%2Fmedia&parent=66"}],"wp:term":[{"taxonomy":"product_cat","embeddable":true,"href":"https:\/\/www.chtiraspycard.fr\/index.php?rest_route=%2Fwp%2Fv2%2Fproduct_cat&post=66"},{"taxonomy":"product_tag","embeddable":true,"href":"https:\/\/www.chtiraspycard.fr\/index.php?rest_route=%2Fwp%2Fv2%2Fproduct_tag&post=66"}],"curies":[{"name":"wp","href":"https:\/\/api.w.org\/{rel}","templated":true}]}}