{"id":638,"date":"2024-10-19T11:11:43","date_gmt":"2024-10-19T09:11:43","guid":{"rendered":"https:\/\/www.chtiraspycard.fr\/?post_type=product&#038;p=638"},"modified":"2024-11-15T08:12:29","modified_gmt":"2024-11-15T07:12:29","slug":"repetiteur-wifi-connexion-raspy-et-dmd","status":"publish","type":"product","link":"https:\/\/www.chtiraspycard.fr\/?product=repetiteur-wifi-connexion-raspy-et-dmd","title":{"rendered":"R\u00e9p\u00e9titeur Wifi Connexion Raspy et Dmd configur\u00e9 avec votre BOX"},"content":{"rendered":"<p><img loading=\"lazy\" decoding=\"async\" class=\"aligncenter size-full wp-image-639\" src=\"https:\/\/www.chtiraspycard.fr\/wp-content\/uploads\/2024\/10\/wifi.jpg\" alt=\"\" width=\"305\" height=\"312\" srcset=\"https:\/\/www.chtiraspycard.fr\/wp-content\/uploads\/2024\/10\/wifi.jpg 305w, https:\/\/www.chtiraspycard.fr\/wp-content\/uploads\/2024\/10\/wifi-293x300.jpg 293w\" sizes=\"auto, (max-width: 305px) 100vw, 305px\" \/><\/p>\n","protected":false},"excerpt":{"rendered":"<p>Amplificateur WiFi, ARTIZLEE Repeteur WiFi Booster de signal 300Mbps, WLAN 802.11n\/g\/bHaut de page \u25b2<br \/>\nTaille minuscule et mural pratique con\u00e7u.<\/p>\n<p>Id\u00e9al pour pour la communication entre le DMD et Rapydarts. Plus besoin de box\u00a0 autour .<\/p>\n<p>R\u00e9peteur d\u00e9ja configur\u00e9 pour mes soins ou avec vos propre codes.<\/p>\n<p>2 antennes int\u00e9gr\u00e9es garantissent stabilit\u00e9 et couverture sans fil maximale. Mode r\u00e9p\u00e9teur augmente la port\u00e9e du signal Wi-Fi jusqu&#8217;\u00e0 des zones inatteignables ou difficiles \u00e0 c\u00e2bler. Compatible avec les \u00e9quipements WiFi qui supportent le wifi 802.11b \/ g\/ n et 2.4GHz.<\/p>\n","protected":false},"featured_media":639,"comment_status":"open","ping_status":"closed","template":"","meta":[],"product_cat":[19],"product_tag":[],"class_list":{"0":"post-638","1":"product","2":"type-product","3":"status-publish","4":"has-post-thumbnail","6":"product_cat-rpi","8":"first","9":"instock","10":"shipping-taxable","11":"purchasable","12":"product-type-simple"},"_links":{"self":[{"href":"https:\/\/www.chtiraspycard.fr\/index.php?rest_route=\/wp\/v2\/product\/638","targetHints":{"allow":["GET"]}}],"collection":[{"href":"https:\/\/www.chtiraspycard.fr\/index.php?rest_route=\/wp\/v2\/product"}],"about":[{"href":"https:\/\/www.chtiraspycard.fr\/index.php?rest_route=\/wp\/v2\/types\/product"}],"replies":[{"embeddable":true,"href":"https:\/\/www.chtiraspycard.fr\/index.php?rest_route=%2Fwp%2Fv2%2Fcomments&post=638"}],"wp:featuredmedia":[{"embeddable":true,"href":"https:\/\/www.chtiraspycard.fr\/index.php?rest_route=\/wp\/v2\/media\/639"}],"wp:attachment":[{"href":"https:\/\/www.chtiraspycard.fr\/index.php?rest_route=%2Fwp%2Fv2%2Fmedia&parent=638"}],"wp:term":[{"taxonomy":"product_cat","embeddable":true,"href":"https:\/\/www.chtiraspycard.fr\/index.php?rest_route=%2Fwp%2Fv2%2Fproduct_cat&post=638"},{"taxonomy":"product_tag","embeddable":true,"href":"https:\/\/www.chtiraspycard.fr\/index.php?rest_route=%2Fwp%2Fv2%2Fproduct_tag&post=638"}],"curies":[{"name":"wp","href":"https:\/\/api.w.org\/{rel}","templated":true}]}}