{"id":169,"date":"2024-04-15T15:10:21","date_gmt":"2024-04-15T13:10:21","guid":{"rendered":"http:\/\/www.raspy.chtiraspycard.fr\/?post_type=product&#038;p=169"},"modified":"2025-01-09T08:03:24","modified_gmt":"2025-01-09T07:03:24","slug":"ampli-12-volts","status":"publish","type":"product","link":"https:\/\/www.chtiraspycard.fr\/?product=ampli-12-volts","title":{"rendered":"Chti-Ampli assemblage maison"},"content":{"rendered":"<p>Cet amplificateur audio st\u00e9r\u00e9o 2.0 est indispensable si vous souhaitez avoir 2 Haut-parleurs.<\/p>\n<p>Vous pouvez r\u00e9gler sur vos 2 haut-parleurs le volume et l&#8217;intensit\u00e9 des aigus et des basses.<\/p>\n<p><strong>Cet amplificateur peut fonctionner en Bluetooth 5.0 mais pas que :\u00a0<\/strong><br \/>\n<strong>Si aucune prise jack n&#8217;est connect\u00e9e \u00e0 l&#8217;amplificateur, il d\u00e9marre en Bluetooth mais dans le cas o\u00f9 tu as branch\u00e9 une prise jack sur l&#8217;amplificateur, le Bluetooth sera d\u00e9sactiv\u00e9. Donc cet amplificateur est parfaitement compatible avec votre RASPYDARTS.<\/strong><\/p>\n<p>Puissance de sortie HP: 2 x 50 Watts<br \/>\nConnectique entr\u00e9e du signal : 1 prises jack 3.5mm<br \/>\nConnectique sortie HP : Bornier \u00e0 vis<br \/>\nBranchement alimentation : Prise femelle ronde 5.5 x 2.1mm<br \/>\nAlimentation : de 9 \u00e0 24 Volts \/ 3 Amp\u00e8res (non comprise)<\/p>\n","protected":false},"excerpt":{"rendered":"<p>Cet amplificateur audio st\u00e9r\u00e9o 2.0 est indispensable si vous souhaitez avoir 2 Haut-parleurs. Vous pouvez r\u00e9gler sur vos 2 haut-parleurs le volume et l&#8217;intensit\u00e9 des aigus et des basses. Cet amplificateur peut fonctionner en Bluetooth 5.0 mais pas que :\u00a0 Si aucune prise jack n&#8217;est connect\u00e9e \u00e0 l&#8217;amplificateur, il d\u00e9marre en Bluetooth mais dans le [&hellip;]<\/p>\n","protected":false},"featured_media":876,"comment_status":"open","ping_status":"closed","template":"","meta":[],"product_cat":[17],"product_tag":[],"class_list":{"0":"post-169","1":"product","2":"type-product","3":"status-publish","4":"has-post-thumbnail","6":"product_cat-son","8":"first","9":"instock","10":"shipping-taxable","11":"purchasable","12":"product-type-simple"},"_links":{"self":[{"href":"https:\/\/www.chtiraspycard.fr\/index.php?rest_route=\/wp\/v2\/product\/169","targetHints":{"allow":["GET"]}}],"collection":[{"href":"https:\/\/www.chtiraspycard.fr\/index.php?rest_route=\/wp\/v2\/product"}],"about":[{"href":"https:\/\/www.chtiraspycard.fr\/index.php?rest_route=\/wp\/v2\/types\/product"}],"replies":[{"embeddable":true,"href":"https:\/\/www.chtiraspycard.fr\/index.php?rest_route=%2Fwp%2Fv2%2Fcomments&post=169"}],"wp:featuredmedia":[{"embeddable":true,"href":"https:\/\/www.chtiraspycard.fr\/index.php?rest_route=\/wp\/v2\/media\/876"}],"wp:attachment":[{"href":"https:\/\/www.chtiraspycard.fr\/index.php?rest_route=%2Fwp%2Fv2%2Fmedia&parent=169"}],"wp:term":[{"taxonomy":"product_cat","embeddable":true,"href":"https:\/\/www.chtiraspycard.fr\/index.php?rest_route=%2Fwp%2Fv2%2Fproduct_cat&post=169"},{"taxonomy":"product_tag","embeddable":true,"href":"https:\/\/www.chtiraspycard.fr\/index.php?rest_route=%2Fwp%2Fv2%2Fproduct_tag&post=169"}],"curies":[{"name":"wp","href":"https:\/\/api.w.org\/{rel}","templated":true}]}}