{"id":1110,"date":"2025-11-18T13:07:11","date_gmt":"2025-11-18T12:07:11","guid":{"rendered":"https:\/\/www.chtiraspycard.fr\/?post_type=product&#038;p=1110"},"modified":"2025-11-21T08:18:14","modified_gmt":"2025-11-21T07:18:14","slug":"alimentation-5-volts-40-a","status":"publish","type":"product","link":"https:\/\/www.chtiraspycard.fr\/?product=alimentation-5-volts-40-a","title":{"rendered":"ALIMENTATION 5 Volts 60 A"},"content":{"rendered":"<h2 data-start=\"163\" data-end=\"192\">\ud83d\udd0c Alimentation 5 V \u2013 60 A<\/h2>\n<p data-start=\"194\" data-end=\"377\">L\u2019alimentation 5 V \/ 60 A est con\u00e7ue pour les installations RaspyDarts les plus compl\u00e8tes.<br data-start=\"284\" data-end=\"287\" \/>Elle fournit la puissance n\u00e9cessaire pour alimenter plusieurs \u00e9l\u00e9ments haute consommation.<\/p>\n<h3 data-start=\"379\" data-end=\"415\">\u26a1 Elle alimente principalement :<\/h3>\n<h3 data-start=\"417\" data-end=\"447\">1\ufe0f\u20e3 <strong data-start=\"425\" data-end=\"445\">La ChtiRaspyCard<\/strong><\/h3>\n<p data-start=\"448\" data-end=\"514\">C\u2019est la premi\u00e8re source d\u2019alimentation de votre carte principale.<\/p>\n<h3 data-start=\"516\" data-end=\"562\">2\ufe0f\u20e3 <strong data-start=\"524\" data-end=\"560\">La ChtiLEDs (LEDs dans la cible)<\/strong><\/h3>\n<p data-start=\"563\" data-end=\"692\">Si vous avez choisi l\u2019option LED dans la cible, cette alimentation est indispensable pour fournir un courant stable et suffisant.<\/p>\n<h3 data-start=\"694\" data-end=\"732\">3\ufe0f\u20e3 <strong data-start=\"702\" data-end=\"730\">Les deux strips LEDs 5 V<\/strong><\/h3>\n<p data-start=\"733\" data-end=\"842\">RaspyDarts utilise g\u00e9n\u00e9ralement <strong data-start=\"765\" data-end=\"789\">2 bandes LED WS2812B<\/strong>, qui demandent une alimentation fiable et puissante.<\/p>\n<h3 data-start=\"844\" data-end=\"868\">4\ufe0f\u20e3 <strong data-start=\"852\" data-end=\"866\">Le DMD 5 V<\/strong><\/h3>\n<p data-start=\"869\" data-end=\"983\">Le module DMD (afficheur dot matrix) consomme \u00e9galement beaucoup en pointe : la 60 A couvre largement ces besoins.<\/p>\n<p data-start=\"985\" data-end=\"1167\">\u27a1\ufe0f <strong data-start=\"988\" data-end=\"1003\">En r\u00e9sum\u00e9 :<\/strong><br data-start=\"1003\" data-end=\"1006\" \/>Cette alimentation prend en charge l\u2019essentiel de votre installation compl\u00e8te.<br data-start=\"1084\" data-end=\"1087\" \/>Elle assure stabilit\u00e9, puissance et long\u00e9vit\u00e9 \u00e0 tous les \u00e9l\u00e9ments LED et au DMD.<\/p>\n<hr data-start=\"1169\" data-end=\"1172\" \/>\n<h2 data-start=\"1174\" data-end=\"1225\">\u2757 Important : Ne pas surdimensionner inutilement<\/h2>\n<p data-start=\"1227\" data-end=\"1263\">Si votre borne <strong data-start=\"1242\" data-end=\"1261\">ne comporte pas<\/strong> :<\/p>\n<ul data-start=\"1264\" data-end=\"1343\">\n<li data-start=\"1264\" data-end=\"1301\">\n<p data-start=\"1266\" data-end=\"1301\">de LEDs dans la cible (ChtiLEDs),<\/p>\n<\/li>\n<li data-start=\"1302\" data-end=\"1313\">\n<p data-start=\"1304\" data-end=\"1313\">de DMD,<\/p>\n<\/li>\n<li data-start=\"1314\" data-end=\"1343\">\n<p data-start=\"1316\" data-end=\"1343\">ni de bandes LEDs WS2812,<\/p>\n<\/li>\n<\/ul>\n<p data-start=\"1345\" data-end=\"1445\">alors <strong data-start=\"1351\" data-end=\"1396\">cette alimentation 60 A n\u2019est pas adapt\u00e9e<\/strong> : elle serait surdimensionn\u00e9e pour votre projet.<\/p>\n<h3 data-start=\"1447\" data-end=\"1517\">\u2714\ufe0f Dans ce cas, une alimentation <strong data-start=\"1484\" data-end=\"1498\">5 V \/ 10 A<\/strong> suffit largement<\/h3>\n<p data-start=\"1518\" data-end=\"1598\">Elle alimentera correctement la <strong>ChtiRaspyCard<\/strong> et les besoins de base sans exc\u00e8s.<\/p>\n","protected":false},"excerpt":{"rendered":"<p>\ud83d\udd0c Alimentation 5 V \u2013 60 A L\u2019alimentation 5 V \/ 60 A est con\u00e7ue pour les installations RaspyDarts les plus compl\u00e8tes.Elle fournit la puissance n\u00e9cessaire pour alimenter plusieurs \u00e9l\u00e9ments haute consommation. \u26a1 Elle alimente principalement : 1\ufe0f\u20e3 La ChtiRaspyCard C\u2019est la premi\u00e8re source d\u2019alimentation de votre carte principale. 2\ufe0f\u20e3 La ChtiLEDs (LEDs dans la [&hellip;]<\/p>\n","protected":false},"featured_media":1114,"comment_status":"open","ping_status":"closed","template":"","meta":[],"product_cat":[23],"product_tag":[],"class_list":{"0":"post-1110","1":"product","2":"type-product","3":"status-publish","4":"has-post-thumbnail","6":"product_cat-alimentation","8":"first","9":"instock","10":"shipping-taxable","11":"purchasable","12":"product-type-simple"},"_links":{"self":[{"href":"https:\/\/www.chtiraspycard.fr\/index.php?rest_route=\/wp\/v2\/product\/1110","targetHints":{"allow":["GET"]}}],"collection":[{"href":"https:\/\/www.chtiraspycard.fr\/index.php?rest_route=\/wp\/v2\/product"}],"about":[{"href":"https:\/\/www.chtiraspycard.fr\/index.php?rest_route=\/wp\/v2\/types\/product"}],"replies":[{"embeddable":true,"href":"https:\/\/www.chtiraspycard.fr\/index.php?rest_route=%2Fwp%2Fv2%2Fcomments&post=1110"}],"wp:featuredmedia":[{"embeddable":true,"href":"https:\/\/www.chtiraspycard.fr\/index.php?rest_route=\/wp\/v2\/media\/1114"}],"wp:attachment":[{"href":"https:\/\/www.chtiraspycard.fr\/index.php?rest_route=%2Fwp%2Fv2%2Fmedia&parent=1110"}],"wp:term":[{"taxonomy":"product_cat","embeddable":true,"href":"https:\/\/www.chtiraspycard.fr\/index.php?rest_route=%2Fwp%2Fv2%2Fproduct_cat&post=1110"},{"taxonomy":"product_tag","embeddable":true,"href":"https:\/\/www.chtiraspycard.fr\/index.php?rest_route=%2Fwp%2Fv2%2Fproduct_tag&post=1110"}],"curies":[{"name":"wp","href":"https:\/\/api.w.org\/{rel}","templated":true}]}}