{"id":308,"date":"2024-04-18T10:25:07","date_gmt":"2024-04-18T08:25:07","guid":{"rendered":"http:\/\/www.raspy.chtiraspycard.fr\/?page_id=308"},"modified":"2024-04-18T20:47:39","modified_gmt":"2024-04-18T18:47:39","slug":"presentation-v3","status":"publish","type":"page","link":"https:\/\/www.chtiraspycard.fr\/?page_id=308","title":{"rendered":"Pr\u00e9sentation V3"},"content":{"rendered":"\n<ol class=\"wp-block-list\">\n<li><\/li>\n<\/ol>\n\n\n\n<p>Un peu de lecture :<\/p>\n\n\n\n<p>J\u2019ai cr\u00e9\u00e9 cette carte car ma passion est de donner une seconde vie aux objets en tout genre et notamment  aux anciens jeux de fl\u00e9chettes de caf\u00e9. Ne sommes-nous pas \u00e0 l&#8217;\u00e8re du &#8220;consommer mieux&#8221; et du recyclage ?<\/p>\n\n\n\n<p>La plupart des pannes de ces jeux, ce sont les CPUs et la pile qui coule sur les composants. Plus rarement, la matrice car elle est pr\u00e9vue pour une longue dur\u00e9e de vie mais la panne peut se produire. La solution alternative est de passer sur une cible d\u00e9cathlon avec la Ch\u2019tiraspycard et de son DMD \u201cafficheur de Scores\u201d.<\/p>\n\n\n\n<p>Ces jeux nous ont fait conna\u00eetre de bons moments de convivialit\u00e9, de camaraderie et de franches parties de rigolade. Ne les laissons pas tra\u00eener dans le coin d&#8217;un grenier. R\u00e9habilitons ces machines ! Elle le m\u00e9ritent.<\/p>\n\n\n\n<p>pas de r\u00e9seaux sociaux et que des t\u00e9l\u00e9phones \u00e0 clapet .<\/p>\n\n\n\n<p><strong><mark>C\u00f4t\u00e9 matrice :<\/mark><\/strong><\/p>\n\n\n\n<p>La Ch\u2019tidarts g\u00e8re de nombreuses matrices \u201cscorpion,diamant,arnchid,spectrum&#8221; et bien d\u2019autres cibles.<\/p>\n\n\n\n<p>Elle g\u00e8re \u00e9galement les nouvelles cibles car elles aussi, un jour, elles tomberont en panne. \u201cgrandboard,vdarts et bien d\u2019autre et aussi notre best celler la ed100 qui est aussi sur la carte avec il faudra rajouter la Chticard sans r\u00e9sistance module 12\u00d78<\/p>\n\n\n\n<figure class=\"wp-block-image\"><img decoding=\"async\" src=\"http:\/\/localhost\/wordpress\/wp-content\/uploads\/2024\/04\/V3-Photoroom.png-Photoroom-1024x596.png\" alt=\"\" class=\"wp-image-139\"\/><\/figure>\n\n\n\n<p><mark><strong>C\u00f4t\u00e9 Technique :<\/strong><\/mark><\/p>\n\n\n\n<p>Gestion de 9 boutons pour le panel de votre machine \u201crarement sur les Anciens\u201d<\/p>\n\n\n\n<p>tension 5 volts en entr\u00e9e pour alimenter votre carte et raspberry<\/p>\n\n\n\n<p>une sortie 5 volts raspberry ou autre \u00e9l\u00e9ment dont la tention n\u2019est pas superieure .<\/p>\n\n\n\n<p>6 sorties Leds avec des mosfets p\u00e9n\u00e9trant de 10 A id\u00e9al pour les ampoules \u00e0 filament.<\/p>\n\n\n\n<p>tension entre 5 et 12 volts<\/p>\n\n\n\n<p>une sortie b7 pour un relai de puissance<\/p>\n\n\n\n<p>2 sorties Gpio 12,21<\/p>\n\n\n\n<p>Voil\u00e0 pour les Grandes lignes&#8230;<\/p>\n","protected":false},"excerpt":{"rendered":"<p>Un peu de lecture : J\u2019ai cr\u00e9\u00e9 cette carte car ma passion est de donner une seconde vie aux objets en tout genre et notamment aux anciens jeux de fl\u00e9chettes de caf\u00e9. Ne sommes-nous pas \u00e0 l&#8217;\u00e8re du &#8220;consommer mieux&#8221; et du recyclage ? La plupart des pannes de ces jeux, ce sont les CPUs [&hellip;]<\/p>\n","protected":false},"author":1,"featured_media":0,"parent":0,"menu_order":0,"comment_status":"closed","ping_status":"closed","template":"","meta":{"footnotes":""},"class_list":["post-308","page","type-page","status-publish","hentry"],"_links":{"self":[{"href":"https:\/\/www.chtiraspycard.fr\/index.php?rest_route=\/wp\/v2\/pages\/308","targetHints":{"allow":["GET"]}}],"collection":[{"href":"https:\/\/www.chtiraspycard.fr\/index.php?rest_route=\/wp\/v2\/pages"}],"about":[{"href":"https:\/\/www.chtiraspycard.fr\/index.php?rest_route=\/wp\/v2\/types\/page"}],"author":[{"embeddable":true,"href":"https:\/\/www.chtiraspycard.fr\/index.php?rest_route=\/wp\/v2\/users\/1"}],"replies":[{"embeddable":true,"href":"https:\/\/www.chtiraspycard.fr\/index.php?rest_route=%2Fwp%2Fv2%2Fcomments&post=308"}],"version-history":[{"count":3,"href":"https:\/\/www.chtiraspycard.fr\/index.php?rest_route=\/wp\/v2\/pages\/308\/revisions"}],"predecessor-version":[{"id":344,"href":"https:\/\/www.chtiraspycard.fr\/index.php?rest_route=\/wp\/v2\/pages\/308\/revisions\/344"}],"wp:attachment":[{"href":"https:\/\/www.chtiraspycard.fr\/index.php?rest_route=%2Fwp%2Fv2%2Fmedia&parent=308"}],"curies":[{"name":"wp","href":"https:\/\/api.w.org\/{rel}","templated":true}]}}